units digit of i(0)?
1
Suppose -6 + 3 = -b. Suppose 4*q - 26 = 3*r, -7 + b = 2*r. What is the units digit of q?
5
Let m be (1 + -2 + 7)/(-1). Let s(t) = t**2 + 4*t - 7. What is the units digit of s(m)?
5
Let g(f) = -f**2 - 5*f. Let m be g(-4). Suppose h - k + 5*k = 30, -m*h + 135 = k. What is the units digit of h?
4
Let i = -7 - -2. Let r = i - -8. What is the units digit of r?
3
Let d(i) = 3*i - 2. Let p be d(2). Let t(x) = -2*x**2 - 3 + 0 - 5*x + 0*x**3 + x**3. What is the units digit of t(p)?
9
Let p(o) = 10*o**3 - o**2 + 1. Let g(a) = 2*a**3 - 2*a**2 + 1. Let t be g(1). What is the units digit of p(t)?
0
Let a = -23 + 53. What is the units digit of a?
0
Let r = 6 - 6. Suppose r = -h + 3*p + 4 + 12, 5*p = -5*h + 20. What is the units digit of h?
7
Suppose n = -g + 22, 0 = -5*n - 0*n - 3*g + 108. What is the tens digit of n?
2
Suppose 0*d = -3*d - 39. Let y = 14 + d. What is the units digit of y?
1
Suppose 3*p = -2*c + 9, -2*p + p + c - 2 = 0. What is the units digit of p?
1
Let v(h) = -2*h**2 - h + 10. What is the tens digit of v(0)?
1
Suppose -34 = 4*u - 2*f - 136, -4*u + 84 = 4*f. What is the tens digit of u?
2
Suppose -2*d - n + 53 = 4*n, -3*d = n - 112. Suppose 2*q - 49 = d. What is the tens digit of q?
4
Let q be (-75)/27 + 4/(-18). Let r be (q/3 - 0) + 7. What is the units digit of (-3)/r*2 - -5?
4
Suppose -n - 648 = -10*n. What is the units digit of n?
2
Let b be ((-42)/10)/(7/(-105)). Suppose -5*r + b = -57. Suppose 2*h - r = -0*h. What is the units digit of h?
2
Let m = -1 + -2. What is the tens digit of 20 + (3*-2 - m)?
1
Let k(l) be the third derivative of -l**5/120 + 3*l**4/8 - l**3/2 + l**2. Let r(z) be the first derivative of k(z). What is the units digit of r(0)?
9
Suppose t = q - 2, -q - 4*t + 10 + 2 = 0. What is the units digit of (q/8)/(1/38)?
9
Suppose 3*g = -3*o + 4*o + 224, 0 = o - 4. What is the tens digit of g?
7
Let t(x) = x**2 + 8*x + 32. What is the tens digit of t(-16)?
6
Suppose -2*s = l + 10, -s + 0 - 5 = -l. Let m = l + 2. Suppose 21 = m*k - 7. What is the tens digit of k?
1
Suppose -3*g - 3 = f - g, f + 15 = -5*g. Let h = 13 + f. What is the units digit of h?
8
Let q = -56 - -87. What is the tens digit of q?
3
Let g be (-24)/(-10) + (-2)/5. Suppose -10 = -g*q - 3*q. What is the units digit of (q + 0)/(-4)*-18?
9
Let g = 7 + -3. Suppose -g*x = x - 50. What is the tens digit of x?
1
Let i = -17 + 121. What is the units digit of i?
4
Let h(k) = k + 35. Let n be h(0). Suppose 5*r = 5, 5*p = r + 4*r - n. What is the tens digit of (-1)/1*p*2?
1
Let w = -110 - -156. What is the units digit of w?
6
Let y be -2*3/6 - 2. Let h(s) = -s**2 - 3*s + 2. Let x be h(y). Suppose 36 - 11 = -5*c, -2*q + x*c = -24. What is the units digit of q?
7
Let x(a) = -a**2 - 1. Let g be x(3). Let c be ((-7)/5 - -1)*g. Suppose 5*n = 5*v + 3*n - 57, -5*n = -c*v + 49. What is the units digit of v?
1
Let h(c) be the third derivative of -c**5/60 + c**4/3 + c**3/2 + 2*c**2. Let r(b) = b**3 + 3*b**2 - 4*b - 4. Let x be r(-3). What is the units digit of h(x)?
3
Suppose 3*v = -3*z + 9 + 9, v = z + 2. Suppose -22 = 2*w - v*w. Let t = w - 4. What is the units digit of t?
7
Let p = -8 + 9. What is the units digit of p?
1
Let p(x) = -13*x - 14. What is the units digit of p(-9)?
3
Let v(i) = i**3 + 6*i**2 + 4*i - 5. Let f be v(-5). Let k be 2/8 - (-508)/16. Suppose f*y - 4*y = -k. What is the units digit of y?
8
Let r(p) = -16*p**2 + 2*p + 1. Let x be r(-1). Let z = x + 25. What is the units digit of z?
8
Let j(v) = v**2 - 8*v + 2. Let m be j(8). Let g(x) = x**2 + 3*x - 4. Let f be g(-5). Let l = m + f. What is the units digit of l?
8
Let p(w) = -8*w - 6. What is the units digit of p(-6)?
2
Suppose r + 95 = 3*w, 4*r + 14 = 4*w - 126. Suppose 0 = 3*v + w - 3. Let p(g) = g + 22. What is the units digit of p(v)?
3
Suppose -3*y = -0*y + 3*b - 6, b = 3*y - 10. Let u = -6 + 8. Suppose -j = -u*j + y. What is the units digit of j?
3
Let r(i) = -2*i - 3. Suppose -5*j + 21 = 1. Suppose 2 = -3*k - j, 5*b + 14 = -2*k. What is the units digit of r(b)?
1
Let z(v) = v**2 + 12*v - 20. Let o be z(-14). Suppose -10*w + o*w + 6 = 0. What is the units digit of w?
3
Suppose 0 = 3*b - 0*o - 4*o - 653, -2*o - 1079 = -5*b. What is the units digit of b?
5
Let o(d) = 63*d - 8. What is the tens digit of o(2)?
1
Suppose -2*m + m + 2 = 0. Suppose -2*n - 2*n = 2*q - m, -5*n + 2*q = -16. Suppose 0 = -n*u + 13 + 5. What is the units digit of u?
9
Let s be (14/(-6) + 2)*-3. What is the tens digit of (-76)/(-12)*3/s?
1
Suppose 0 = 4*v, -7*v + 8*v + 945 = 5*t. What is the tens digit of t?
8
Suppose -5*q + 2*v + 25 = -3*v, 6 = 4*q + 3*v. Suppose -3*o + 4 = -2. What is the units digit of q + (3 + -2)*o?
5
What is the hundreds digit of (2 - 440/6)*(-12)/8?
1
Suppose 2*k + k = 5*q - 62, -3*q = 3*k - 18. Let f = 2 + q. What is the tens digit of f?
1
What is the units digit of 9 + 2/1 + 2?
3
Suppose 0 = -3*j - 7 - 8. Let m = 3 + j. Let i = m - -3. What is the units digit of i?
1
What is the units digit of (-3)/(-1)*300/9?
0
Let b = -75 - -117. What is the units digit of b?
2
Suppose -3*m - 4*w = -168, 2*w - 6 = 4*w. What is the tens digit of m?
6
Let t(k) = 9*k - 7. Let n be t(7). Suppose -70 = -5*l + 5*z, 3*l + 2*l - n = -2*z. What is the tens digit of l?
1
What is the units digit of 6384/49 + (-8)/28?
0
Let a(u) = 14*u**2 + u - 2. Let g be a(-2). What is the tens digit of (-16)/48 + g/3?
1
Let p(j) = j**2 + 12*j - 8. What is the tens digit of p(-15)?
3
Let s = 15 + -12. Suppose 2*l = t - 21, 6*t - 2*t - 109 = s*l. What is the tens digit of t?
3
Let y be 0 - -1 - (-1 - 11). Let q = 5 - 0. Suppose 5*f + 4*w - y = 2*f, 25 = 5*f + q*w. What is the units digit of f?
7
Let h(r) = -r**2 - 3*r + 4. Let b be h(-4). Suppose 3*w - 30 = -t, 2*t - w + b*w - 81 = 0. What is the units digit of t?
9
Let l(m) = 9*m**2 - m - 4. What is the units digit of l(-3)?
0
Suppose -3*u = -2*g - 256, u + 188 = 3*u + 3*g. Suppose 3*t = -2*c + 64, -4*t = -0*c + 2*c - u. What is the tens digit of t?
2
Suppose 179 = 3*l - 103. What is the units digit of l?
4
Let n = 133 - 0. Let u = -79 + n. What is the tens digit of u?
5
Suppose -j - 2*j = 3. What is the units digit of (-10 + 1)/(j/3)?
7
Let v be 52/5 + (-2)/5. Suppose 0 = 5*f + 1 - 26. Let d = v - f. What is the units digit of d?
5
Let z(v) = -v + 1. Let h be z(-4). Suppose -h*l = 3 + 2. Let q(d) = -8*d. What is the units digit of q(l)?
8
Let i = -23 + 94. What is the units digit of i?
1
Suppose 0 = -3*c - 14 + 203. What is the tens digit of c?
6
Let w = -60 - -108. What is the tens digit of w?
4
Suppose 38 + 30 = 4*r. What is the units digit of r?
7
Let k = -10 + 14. Suppose -5*o + a - 5*a + 33 = 0, 0 = -o + k*a - 3. Suppose 0 = o*j - 10 - 5. What is the units digit of j?
3
Let y(g) = -g - 4. Let b be y(-5). Let r(f) = f**3 + 12*f**2 + 10*f - 4. Let q be r(-11). Let j = q + b. What is the units digit of j?
8
Let l be (-2)/5 - 3192/(-30). What is the tens digit of l/6 - (-4)/(-6)?
1
Suppose -3*n = -42 - 36. Suppose n*u - 152 = 22*u. What is the units digit of u?
8
Let l = -4 + 52. What is the units digit of l?
8
Let h be 2 - -3 - (-2)/(-2). Let v = 2 - h. What is the units digit of (v/4)/(3/(-18))?
3
Suppose 0 = j - 3*w - 3, -2*w = -2 - 8. Suppose -p + 0*p = -j. What is the tens digit of p?
1
Suppose 822 + 430 = 4*r. What is the tens digit of r?
1
Let x(f) = 2*f**2 - f. Suppose 0 = l - 4*c - 10, 0*l = 2*l + 3*c + 2. Let i be (-1 - (2 - l))*2. What is the tens digit of x(i)?
1
Suppose -4*h + 5*v + 16 = -h, 4*v + 2 = -3*h. Suppose -5*w = -h*w + 12. What is the units digit of ((-14)/w)/(1/2)?
7
Let n(h) be the third derivative of h**4/24 + 2*h**3 + 3*h**2. Let r be n(-9). What is the tens digit of (-4)/(0 - 1/r)?
1
Suppose -3*k + 51 = -144. Let a = -5 + 8. Suppose -12 = 3*n - a, 5*d - 5*n - k = 0. What is the tens digit of d?
1
Let p(y) = 3*y**2 + 4*y + 3. Let s be p(-2). Suppose 5*g + 32 = s, 3*g + 35 = 2*r. What is the units digit of r?
0
What is the units digit of 1025/45 + (-2)/(-9)?
3
Suppose -35 = 2*v - 129. What is the tens digit of v?
4
What is the units digit of ((-135)/(-18))/((-1)/(-4))?
0
What is the units digit of 3/12 + 909/12 + 1?
7
Suppose -4*k - 5*h + 16 = -43, 0 = -4*k + h + 65. What is the tens digit of k?
1
Let r(w) = 2*w - 1. Let h be r(3). Suppose -